{"id":7,"date":"2025-09-19T15:37:15","date_gmt":"2025-09-19T15:37:15","guid":{"rendered":"https:\/\/ai-aesthetics.org\/?page_id=7"},"modified":"2025-10-07T15:16:21","modified_gmt":"2025-10-07T13:16:21","slug":"survey","status":"publish","type":"page","link":"https:\/\/ai-aesthetics.org\/?page_id=7","title":{"rendered":"Survey"},"content":{"rendered":"<div class=\"cstm-reg\">\n<a name='GANGE_LOGIN_ANCHOR_LOGINNEWUSER'><\/a><div class=\"gange_widget_register_div_newuser\" ><FORM method=\"POST\" id=\"GANGE_ANAGRAFIC_FORM\" action=\"#GANGE_LOGIN_ANCHOR_LOGINNEWUSER\" ><input type=\"hidden\" name=\"gange_widget_register_fast_Status\" value=\"2\"\/><input type=\"hidden\" id=\"gange_screen_width\" name=\"gange_screen_width\" value=\"\"\/><input type=\"hidden\" id=\"gange_screen_height\" name=\"gange_screen_height\" value=\"\"\/><script type=\"text\/javascript\">gange_GetScreenWidthHeight();<\/script><input name=\"gange_widget_register_fast_submit\" type=\"hidden\"  value=\"NewUser\" \/> <div class=\"gange_style_login_label_login\"><\/div> <div class=\"gange_widget_line_tNome\"  id=\"id_tNome_row\"  ><label  id=\"id_tNome_label\"  name=\"tNome\">Nome<font color=\"red\">&nbsp;*<\/font><\/label><input  id=\"id_tNome\"  placeholder=\"\"  type=\"text\" class=\"gange_style_login_fieldtxt\" name=\"tNomeinput\" value=\"\"\/><\/div><div class=\"gange_widget_line_tCognome\"  id=\"id_tCognome_row\"  ><label  id=\"id_tCognome_label\"  name=\"tCognome\">Cognome<font color=\"red\">&nbsp;*<\/font><\/label><input  id=\"id_tCognome\"  placeholder=\"\"  type=\"text\" class=\"gange_style_login_fieldtxt\" name=\"tCognomeinput\" value=\"\"\/><\/div><div class=\"gange_widget_line_tSocieta\"  id=\"id_tSocieta_row\"  ><label  id=\"id_tSocieta_label\"  name=\"tSocieta\">Affiliazione \/ Struttura \/ Azienda<font color=\"red\">&nbsp;*<\/font><\/label><input  id=\"id_tSocieta\"  type=\"text\" class=\"gange_style_login_fieldtxt\" name=\"tSocietainput\" value=\"\"\/><\/div><div class=\"gange_widget_line_tEMail\"  id=\"id_tEMail_row\"  ><label  id=\"id_tEMail_label\"  name=\"tEMail\">Email<font color=\"red\">&nbsp;*<\/font><\/label><input  id=\"id_tEMail\"  type=\"text\" class=\"gange_style_login_fieldtxt\" name=\"tEMailinput\" value=\"\"\/><\/div><div class=\"gange_widget_line_IDcampiopzionalimulti358\"  id=\"id_IDcampiopzionalimulti358_row\"  ><label  id=\"id_IDcampiopzionalimulti358_label\"  name=\"IDcampiopzionalimulti358\">2.1 Quali di queste tecnologie innovative utilizzi gi\u00e0 nella tua pratica clinica?<font color=\"red\">&nbsp;*<\/font><\/label><select  id=\"id_IDcampiopzionalimulti358\"  class=\"gange_style_login_fieldtxt\" name=\"IDcampiopzionalimulti358input[]\" multiple=\"multiple\" ><option  value=\"1806\">Intelligenza Artificiale (AI)<\/option><option  value=\"1807\">Realt\u00e0 Aumentata (AR)<\/option><option  value=\"1808\">Imaging 3D<\/option><option  value=\"1809\">Strumenti diagnostici digitali<\/option><option  value=\"1810\">Sistemi di analisi della qualit\u00e0 della pelle<\/option><option  value=\"1811\">Robotica<\/option><option  value=\"1812\">Software per la pianificazione dei trattamenti<\/option><option  value=\"1813\">Altro<\/option><\/select><script type=\"text\/javascript\" src=\"https:\/\/lena.events\/phpjs\/js\/jquery-1.12.4.min.js\"><\/script><script type=\"text\/javascript\" src=\"https:\/\/lena.events\/phpjs\/js\/multipleselect\/multiple-select.js\"><\/script><script type=\"text\/javascript\">\t$('#id_IDcampiopzionalimulti358').multipleSelect({selectAll: false});<\/script><\/div><div class=\"gange_widget_line_IDcampiopzionalimulti359\"  id=\"id_IDcampiopzionalimulti359_row\"  ><label  id=\"id_IDcampiopzionalimulti359_label\"  name=\"IDcampiopzionalimulti359\">2.2 Quali benefici ti portano queste tecnologie?<font color=\"red\">&nbsp;*<\/font><\/label><select  id=\"id_IDcampiopzionalimulti359\"  class=\"gange_style_login_fieldtxt\" name=\"IDcampiopzionalimulti359input[]\" multiple=\"multiple\" ><option  value=\"1814\">Diagnostica pi\u00f9 accurata<\/option><option  value=\"1815\">Comunicazione pi\u00f9 efficace con il paziente<\/option><option  value=\"1816\">Maggiore personalizzazione dei trattamenti<\/option><option  value=\"1817\">Visualizzazione dei risultati attesi<\/option><option  value=\"1818\">Ottimizzazione dei tempi e dei flussi di lavoro<\/option><option  value=\"1819\">Migliore esperienza del paziente<\/option><option  value=\"1820\">Formazione e aggiornamento professionale<\/option><option  value=\"1821\">Altro<\/option><\/select><script type=\"text\/javascript\" src=\"https:\/\/lena.events\/phpjs\/js\/jquery-1.12.4.min.js\"><\/script><script type=\"text\/javascript\" src=\"https:\/\/lena.events\/phpjs\/js\/multipleselect\/multiple-select.js\"><\/script><script type=\"text\/javascript\">\t$('#id_IDcampiopzionalimulti359').multipleSelect({selectAll: false});<\/script><\/div><div class=\"gange_widget_line_IDcampiopzionalimulti360\"  id=\"id_IDcampiopzionalimulti360_row\"  ><label  id=\"id_IDcampiopzionalimulti360_label\"  name=\"IDcampiopzionalimulti360\">2.3 Quali ambiti ti sembrano pi\u00f9 promettenti per l\u2019applicazione dell\u2019AI nella medicina estetica?<font color=\"red\">&nbsp;*<\/font><\/label><select  id=\"id_IDcampiopzionalimulti360\"  class=\"gange_style_login_fieldtxt\" name=\"IDcampiopzionalimulti360input[]\" multiple=\"multiple\" ><option  value=\"1822\">Diagnostica e analisi delle immagini<\/option><option  value=\"1823\">Pianificazione dei trattamenti e visualizzazione dei risultati<\/option><option  value=\"1824\">Monitoraggio e follow-up del paziente<\/option><option  value=\"1825\">Comunicazione medico-paziente<\/option><option  value=\"1826\">Supporto procedurale e chirurgico<\/option><option  value=\"1827\">Gestione dei dati e dei flussi di lavoro<\/option><option  value=\"1828\">Altro<\/option><\/select><script type=\"text\/javascript\" src=\"https:\/\/lena.events\/phpjs\/js\/jquery-1.12.4.min.js\"><\/script><script type=\"text\/javascript\" src=\"https:\/\/lena.events\/phpjs\/js\/multipleselect\/multiple-select.js\"><\/script><script type=\"text\/javascript\">\t$('#id_IDcampiopzionalimulti360').multipleSelect({selectAll: false});<\/script><\/div><div class=\"gange_widget_line_IDcampiopzionalimulti361\"  id=\"id_IDcampiopzionalimulti361_row\"  ><label  id=\"id_IDcampiopzionalimulti361_label\"  name=\"IDcampiopzionalimulti361\">2.4 Quali criteri ritieni pi\u00f9 importanti nell\u2019adozione di nuove tecnologie?<font color=\"red\">&nbsp;*<\/font><\/label><select  id=\"id_IDcampiopzionalimulti361\"  class=\"gange_style_login_fieldtxt\" name=\"IDcampiopzionalimulti361input[]\" multiple=\"multiple\" ><option  value=\"1829\">Sicurezza<\/option><option  value=\"1830\">Efficacia<\/option><option  value=\"1831\">Facilit\u00e0 d\u2019uso<\/option><option  value=\"1832\">Costo e sostenibilit\u00e0<\/option><option  value=\"1833\">Formazione e supporto<\/option><option  value=\"1834\">Evidenza scientifica \/ validazione clinica<\/option><option  value=\"1835\">Integrazione nel workflow<\/option><option  value=\"1836\">Altro<\/option><\/select><script type=\"text\/javascript\" src=\"https:\/\/lena.events\/phpjs\/js\/jquery-1.12.4.min.js\"><\/script><script type=\"text\/javascript\" src=\"https:\/\/lena.events\/phpjs\/js\/multipleselect\/multiple-select.js\"><\/script><script type=\"text\/javascript\">\t$('#id_IDcampiopzionalimulti361').multipleSelect({selectAll: false});<\/script><\/div><div class=\"gange_widget_line_IDcampiopzionalimulti362\"  id=\"id_IDcampiopzionalimulti362_row\"  ><label  id=\"id_IDcampiopzionalimulti362_label\"  name=\"IDcampiopzionalimulti362\">3.1 Cosa ti piacerebbe trovare in un evento dedicato all\u2019AI nella medicina estetica?<font color=\"red\">&nbsp;*<\/font><\/label><select  id=\"id_IDcampiopzionalimulti362\"  class=\"gange_style_login_fieldtxt\" name=\"IDcampiopzionalimulti362input[]\" multiple=\"multiple\" ><option  value=\"1837\">Presentazione di tecnologie emergenti<\/option><option  value=\"1838\">Sessioni pratiche e dimostrative<\/option><option  value=\"1839\">Discussione con esperti e sviluppatori<\/option><option  value=\"1840\">Casi clinici e applicazioni reali<\/option><option  value=\"1841\">Networking con altri professionisti<\/option><option  value=\"1842\">Opportunit\u00e0 di formazione certificata<\/option><option  value=\"1843\">Altro<\/option><\/select><script type=\"text\/javascript\" src=\"https:\/\/lena.events\/phpjs\/js\/jquery-1.12.4.min.js\"><\/script><script type=\"text\/javascript\" src=\"https:\/\/lena.events\/phpjs\/js\/multipleselect\/multiple-select.js\"><\/script><script type=\"text\/javascript\">\t$('#id_IDcampiopzionalimulti362').multipleSelect({selectAll: false});<\/script><\/div><div class=\"gange_widget_line_IDDomanda16753\"  id=\"id_IDDomanda16753_row\"  ><label  id=\"id_IDDomanda16753_label\"  name=\"IDDomanda16753\">3.2 Ti interesserebbe partecipare a un corso di approfondimento nel 2026?<font color=\"red\">&nbsp;*<\/font><\/label><select  id=\"id_IDDomanda16753\"  class=\"gange_style_login_fieldcombo\" name=\"IDDomanda16753input\" ><option value=\"\"><\/option><option  value=\"1060608\">Si<\/option><option  value=\"1060609\">No<\/option><option  value=\"1060610\">Forse<\/option><\/select><\/div><div class=\"gange_widget_line_IDDomanda16754\"  id=\"id_IDDomanda16754_row\"  ><label  id=\"id_IDDomanda16754_label\"  name=\"IDDomanda16754\">3.3 Se s\u00ec, quale sede preferiresti?<font color=\"red\">&nbsp;*<\/font><\/label><select  id=\"id_IDDomanda16754\"  class=\"gange_style_login_fieldcombo\" name=\"IDDomanda16754input\" ><option value=\"\"><\/option><option  value=\"1060611\">Nazionale (Milano)<\/option><option  value=\"1060612\">Europeo (Principato di Monaco)<\/option><option  value=\"1060613\">Internazionale (Dubai)<\/option><\/select><\/div><div class=\"gange_style_login_Captcha\" ><div class=\"gange_style_login_labelCaptcha\" ><center><img decoding=\"async\" class=\"gange_style_img_labelCaptcha\" src=\"https:\/\/ai-aesthetics.org\/wp-content\/plugins\/gange\/LenaSCG.Gange.AE_GetCaptcha.php\"><\/center><\/div><div class=\"gange_style_login_fieldtxtCaptcha\" ><input type=\"text\" class=\"gange_style_login_fieldtxt\" name=\"GANGE_REG_CAPTCHA\" id=\"idGANGE_REG_CAPTCHA\"><\/input><\/div><\/div><div class=\"gange_style_login_social\"><p  align=\"center\"><input class=\"gange_widget_register_fast_submit_butt\" width=\"auto\" id=\"gange_widget_register_fast_submit2\" name=\"gange_widget_register_fast_submit2\" type=\"button\" onclick=\"Form_Update(this);\" value=\"Submit\" \/> <\/p><\/div><\/FORM><\/div> <script type=\"text\/javascript\">\n\n        function f_tFlgAllergia(eObj) \n        {\n            var eForm               = document.getElementById(\"GANGE_ANAGRAFIC_FORM\");\n            var etFlgAllergia       = document.getElementById(\"id_tFlgAllergia\");\n            var etFlgAllergiaRow    = document.getElementById(\"id_tAllergia_row\");\n\t\t\tif (etFlgAllergia != null && etFlgAllergiaRow != null) {\n                $evalue = etFlgAllergia.value;\n                if (etFlgAllergia.type == \"radio\") {\n                    if (!etFlgAllergia.checked) {\n                        if ($evalue == 0)\n                            $evalue = 1;\n                        else\n                            $evalue = 0;\n                    }\n                }\n                if ($evalue == 1) {\n                    if (etFlgAllergiaRow != null)\n                        etFlgAllergiaRow.style.display = \"\";\n                } else {\n                    if (etFlgAllergiaRow != null)\n                        etFlgAllergiaRow.style.display = \"none\";\n\t\t\t\t}\n\t\t\t}\n\t\t}\n\t\n    function Form_Update() \n        {\n            var eForm = document.getElementById(\"GANGE_ANAGRAFIC_FORM\");\n            var OKSubmit = true;  var eConfirmButton = document.getElementById(\"gange_widget_register_fast_submit2\"); \n        if (OKSubmit) {  eConfirmButton.disabled=true;  eForm.submit(); \n\t\t}\n    }\n    <\/script>\n<\/div>\n <script type=\"text\/javascript\"> if (typeof(f_tFlgVISA) === typeof(Function))  \tf_tFlgVISA(null);  if (typeof(f_tFlgAllergia) === typeof(Function))  \tf_tFlgAllergia(null);  if (typeof(f_IDTipologia) === typeof(Function)) {  \tvar eObjTYPE = document.getElementById(\"id_IDTipologia\");  \tf_IDTipologia(eObjTYPE);  }  if (typeof(f_IDAttivita) === typeof(Function)) {  \tvar etFlgActivity = document.getElementById(\"id_IDAttivita\");  \tf_IDAttivita(etFlgActivity);  }  if (typeof(f_IDNazionalita) === typeof(Function)) {  \tvar etFlgNazionalita = document.getElementById(\"id_IDNazionalita\");  \tf_IDNazionalita(etFlgNazionalita);  }  if (typeof(f_IndFattIDNazione) === typeof(Function))  \tf_IndFattIDNazione(null);  <\/script>","protected":false},"excerpt":{"rendered":"<p>Nome&nbsp;*Cognome&nbsp;*Affiliazione \/ Struttura \/ Azienda&nbsp;*Email&nbsp;*2.1 Quali di queste tecnologie innovative utilizzi gi\u00e0 nella tua pratica clinica?&nbsp;*Intelligenza Artificiale (AI)Realt\u00e0 Aumentata (AR)Imaging 3DStrumenti diagnostici digitaliSistemi di analisi della qualit\u00e0 della pelleRoboticaSoftware per la pianificazione dei trattamentiAltro2.2 Quali benefici ti portano queste tecnologie?&nbsp;*Diagnostica pi\u00f9 accurataComunicazione pi\u00f9 efficace con il pazienteMaggiore personalizzazione dei trattamentiVisualizzazione dei risultati attesiOttimizzazione dei tempi [&hellip;]<\/p>\n","protected":false},"author":1,"featured_media":0,"parent":0,"menu_order":0,"comment_status":"closed","ping_status":"closed","template":"","meta":{"footnotes":""},"class_list":["post-7","page","type-page","status-publish","hentry"],"_links":{"self":[{"href":"https:\/\/ai-aesthetics.org\/index.php?rest_route=\/wp\/v2\/pages\/7","targetHints":{"allow":["GET"]}}],"collection":[{"href":"https:\/\/ai-aesthetics.org\/index.php?rest_route=\/wp\/v2\/pages"}],"about":[{"href":"https:\/\/ai-aesthetics.org\/index.php?rest_route=\/wp\/v2\/types\/page"}],"author":[{"embeddable":true,"href":"https:\/\/ai-aesthetics.org\/index.php?rest_route=\/wp\/v2\/users\/1"}],"replies":[{"embeddable":true,"href":"https:\/\/ai-aesthetics.org\/index.php?rest_route=%2Fwp%2Fv2%2Fcomments&post=7"}],"version-history":[{"count":8,"href":"https:\/\/ai-aesthetics.org\/index.php?rest_route=\/wp\/v2\/pages\/7\/revisions"}],"predecessor-version":[{"id":92,"href":"https:\/\/ai-aesthetics.org\/index.php?rest_route=\/wp\/v2\/pages\/7\/revisions\/92"}],"wp:attachment":[{"href":"https:\/\/ai-aesthetics.org\/index.php?rest_route=%2Fwp%2Fv2%2Fmedia&parent=7"}],"curies":[{"name":"wp","href":"https:\/\/api.w.org\/{rel}","templated":true}]}}